at is the units digit of 380386?
6
What is the hundred thousands digit of 2312658?
3
What is the units digit of 236964?
4
What is the ten thousands digit of 658913?
5
What is the hundreds digit of 80864?
8
What is the units digit of 293286?
6
What is the ten thousands digit of 1374676?
7
What is the thousands digit of 132098?
2
What is the thousands digit of 224618?
4
What is the tens digit of 93538?
3
What is the tens digit of 250718?
1
What is the ten thousands digit of 658194?
5
What is the millions digit of 12428094?
2
What is the thousands digit of 2535177?
5
What is the tens digit of 1225115?
1
What is the hundred thousands digit of 194580?
1
What is the hundreds digit of 394327?
3
What is the units digit of 32563?
3
What is the thousands digit of 3996054?
6
What is the tens digit of 11619698?
9
What is the ten thousands digit of 11045272?
4
What is the thousands digit of 409759?
9
What is the units digit of 54197?
7
What is the tens digit of 1514262?
6
What is the tens digit of 2175984?
8
What is the hundreds digit of 9381697?
6
What is the thousands digit of 3894295?
4
What is the hundreds digit of 1469912?
9
What is the thousands digit of 1188357?
8
What is the thousands digit of 1125697?
5
What is the thousands digit of 3388825?
8
What is the ten thousands digit of 8061541?
6
What is the thousands digit of 5569692?
9
What is the units digit of 270758?
8
What is the thousands digit of 533773?
3
What is the hundreds digit of 111926?
9
What is the ten thousands digit of 12637606?
3
What is the hundred thousands digit of 406161?
4
What is the thousands digit of 231081?
1
What is the ten thousands digit of 932469?
3
What is the hundreds digit of 3134217?
2
What is the units digit of 179849?
9
What is the units digit of 289227?
7
What is the units digit of 5098119?
9
What is the ten thousands digit of 2007519?
0
What is the ten thousands digit of 830947?
3
What is the thousands digit of 8553428?
3
What is the hundred thousands digit of 444703?
4
What is the millions digit of 4140914?
4
What is the hundred thousands digit of 18488206?
4
What is the units digit of 864128?
8
What is the units digit of 878127?
7
What is the hundreds digit of 176743?
7
What is the ten thousands digit of 133611?
3
What is the units digit of 5583942?
2
What is the millions digit of 1246626?
1
What is the hundred thousands digit of 1535095?
5
What is the hundreds digit of 980514?
5
What is the millions digit of 3969345?
3
What is the hundreds digit of 3180572?
5
What is the tens digit of 1299273?
7
What is the ten millions digit of 20746012?
2
What is the units digit of 832219?
9
What is the hundred thousands digit of 13301674?
3
What is the hundreds digit of 2595830?
8
What is the ten thousands digit of 8076112?
7
What is the hundreds digit of 120069?
0
What is the millions digit of 39833689?
9
What is the hundreds digit of 14667403?
4
What is the hundreds digit of 5323193?
1
What is the millions digit of 1567842?
1
What is the hundreds digit of 2945193?
1
What is the tens digit of 506173?
7
What is the hundred thousands digit of 265067?
2
What is the tens digit of 6627845?
4
What is the units digit of 12891235?
5
What is the hundred thousands digit of 3866097?
8
What is the units digit of 2962437?
7
What is the hundreds digit of 602498?
4
What is the ten thousands digit of 398436?
9
What is the millions digit of 37431881?
7
What is the hundreds digit of 3283542?
5
What is the ten thousands digit of 698971?
9
What is the tens digit of 330449?
4
What is the units digit of 1159325?
5
What is the tens digit of 407920?
2
What is the ten thousands digit of 3648141?
4
What is the units digit of 3734261?
1
What is the thousands digit of 191603?
1
What is the units digit of 186935?
5
What is the ten thousands digit of 236687?
3
What is the hundred thousands digit of 210468?
2
What is the thousands digit of 2721237?
1
What is the units digit of 158785?
5
What is the thousands digit of 19297239?
7
What is the thousands digit of 982405?
2
What is the units digit of 23459?
9
What is the units digit of 290516?
6
What is the hundred thousands digit of 303916?
3
What is the millions digit of 9635608?
9
What is the ten thousands digit of 7767318?
6
What is the ten thousands digit of 602650?
0
What is the hundred thousands digit of 3960895?
9
What is the hundred thousands digit of 262340?
2
What is the tens digit of 850540?
4
What is the hundreds digit of 31986?
9
What is the hundreds digit of 72037?
0
What is the hundreds digit of 4551101?
1
What is the thousands digit of 10383334?
3
What is the hundred thousands digit of 789677?
7
What is the ten thousands digit of 3551338?
5
What is the thousands digit of 494351?
4
What is the units digit of 39055?
5
What is the units digit of 479000?
0
What is the units digit of 57690?
0
What is the ten thousands digit of 13908117?
0
What is the ten thousands digit of 104365?
0
What is the hundred thousands digit of 852160?
8
What is the thousands digit of 593714?
3
What is the hundred thousands digit of 712836?
7
What is the hundreds digit of 173321?
3
What is the units digit of 1014449?
9
What is the tens digit of 7140080?
8
What is the tens digit of 1427158?
5
What is the ten thousands digit of 14667?
1
What is the ten thousands digit of 2370177?
7
What is the hundred thousands digit of 303846?
3
What is the units digit of 14302338?
8
What is the tens digit of 33816?
1
What is the hundred thousands digit of 534074?
5
What is the hundred thousands digit of 1197628?
1
What is the tens digit of 692044?
4
What is the hundred thousands digit of 449876?
4
What is the hundred thousands digit of 4803787?
8
What is the thousands digit of 4308?
4
What is the thousands digit of 287538?
7
What is the hundred thousands digit of 10241093?
2
What is the hundreds digit of 182683?
6
What is the units digit of 5685226?
6
What is the hundreds digit of 9364508?
5
What is the hundred thousands digit of 2312218?
3
What is the tens digit of 4656725?
2
What is the hundred thousands digit of 5919590?
9
What is the units digit of 5404643?
3
What is the hundreds digit of 2963597?
5
What is the thousands digit of 5869519?
9
What is the units digit of 57979?
9
What is the hundred thousands digit of 1787495?
7
What is the hundred thousands digit of 362825?
3
What is the hundred thousands digit of 1359216?
3
What is the units digit of 74192?
2
What is the millions digit of 1012604?
1
What is the tens digit of 60836?
3
What is the tens digit of 919727?
2
What is the hundred thousands digit of 3315521?
3
What is the units digit of 18847?
7
What is the units digit of 2169779?
9
What is the hundreds digit of 9730382?
3
What is the hundred thousands digit of 6852710?
8
What is the tens digit of 5307637?
3
What is the hundred thousands digit of 565034?
5
What is the hundred thousands digit of 465177?
4
What is the thousands digit of 988120?
8
What is the ten thousands digit of 437058?
3
What is the units digit of 51537?
7
What is the ten thousands digit of 649957?
4
What is the hundreds digit of 2863936?
9
What is the hundreds digit of 1826040?
0
What is the units digit of 731903?
3
What is the hundred thousands digit of 7261291?
2
What is the tens digit of 176827?
2
What is the units digit of 1385141?
1
What is the hundreds digit of 4055852?
8
What is the tens digit of 4049984?
8
What is the thousands digit of 1078641?
8
What is the hundred thousands digit of 1776031?
7
What is the thousands digit of 314037?
4
What is the hundreds digit of 13404017?
0
What is the thousands digit of 1849050?
9
What is the ten thousands digit of 192105?
9
What is the tens digit of 188704?
0
What is the units digit of 3891045?
5
What is the units digit of 3404730?
0
What is the thousands digit of 6922440?
2
What is the units digit of 2337717?
7
What is the hundreds digit of 125618?
6
What is the tens digit of 26199?
9
What is the millions digit of 1569840?
1
What is the ten thousands digit of 200010?
0
What is the ten millions digit of 22062856?
2
What is the tens digit of 4533644?
4
What is the ten thousands digit of 890458?
9
What is the hundred thousands digit of 1299767?
2
What is the thousands digit of 4345575?
5
What is the hundreds digit of 169247?
2
What is the tens digit of 684056